pose -3*v = l*d - 1055, 5*v = 9*v + 3*d - 1402. What are the prime factors of v?
349
Suppose f + 34 = 2*f. Suppose z + 5*j = 9 + 4, 2*j + f = z. List the prime factors of z.
2, 7
Let o = -667 + 1199. List the prime factors of o.
2, 7, 19
Let g(r) = 149*r**2 - r. Let s = 13 + -12. Let z be g(s). Suppose -5*i - 3 = -z. What are the prime factors of i?
29
Suppose -10 = -2*n + 6. Let w = n + 93. Suppose t = -0*f - 3*f + w, 0 = -2*t - 8. List the prime factors of f.
5, 7
Let m be ((-12)/24)/(1/(-274)). What are the prime factors of m/2 + 2/4?
3, 23
Let r(l) = -l**3 + 7*l**2 - l - 8. Let y be r(6). Suppose x + 6 = -3*s, -4*x - y = 4*s - 6. List the prime factors of (-322)/(-42) + (-1)/x.
2
Let u = 672 + -507. What are the prime factors of u?
3, 5, 11
Suppose 2*b + 246 = 2*r, -99 - 486 = -5*r - b. List the prime factors of r.
2, 59
Let r = 98 - 35. Let q be (-18)/r + (-2)/(-7). List the prime factors of 15 + 2 + q/(-3).
17
Let v(u) = -14*u + 3. Let j be v(2). What are the prime factors of (-60)/8*90/j?
3
Suppose 2*k = -a, 2*k = 5*a - 0*k. Let n = 93 - 99. List the prime factors of (-6)/9*n - a.
2
Suppose 5*t - 520 = 100. Let f = 106 + t. What are the prime factors of f?
2, 5, 23
Let h(n) = -n**2 + 5*n + 8. Let f be h(6). Suppose f*t = 4, y - 230 = -3*t - 2*t. What are the prime factors of y?
2, 5, 11
Let h(k) = -2*k**3 - 6*k**2 + 6*k - 1. List the prime factors of h(-5).
3, 23
Suppose 15*r + 401 - 2096 = 0. List the prime factors of r.
113
Let k = 66 + -47. Let o = -17 + k. List the prime factors of 1*o/((-8)/(-260)).
5, 13
Let r(i) = -i**3 + 34*i**2 - 39*i + 100. List the prime factors of r(32).
2, 3, 5
Let u(c) = 11 - 7*c - 12*c + 21*c. What are the prime factors of u(8)?
3
Let x(h) = -h**3 - 5*h**2 + 2. Let t be x(-5). Suppose -204 = -t*w - 5*q + 77, -148 = -w - 4*q. List the prime factors of w.
2
List the prime factors of (-1)/5 - 238266/(-155).
29, 53
Let j = 725 - 57. What are the prime factors of j?
2, 167
Let t = -5 + 6. Let r be 0 + -3 + t - -7. Suppose -61 = -w + 4*d - 13, r*w - 4*d - 160 = 0. What are the prime factors of w?
2, 7
Suppose 16431 = 13*a - 50831. What are the prime factors of a?
2, 13, 199
Let z(q) = 43*q**2 + 2*q - 1. Let k be z(1). Suppose 4*a - 172 + k = 0. Suppose -2*w + 17 = -3*r, -a = -3*w - 2*w - 3*r. List the prime factors of w.
7
Suppose 381838 = 50*d + 21*d. What are the prime factors of d?
2, 2689
Suppose 15*n - 1305 + 270 = 0. What are the prime factors of n?
3, 23
Let s(m) = m**3 - 13*m**2 + m - 8. Let v be s(13). Let k be 2/(-5) - 78/v. List the prime factors of (-13)/(-2*(-4)/k).
2, 13
Suppose 3*k + 16 = -4*w - 0*w, 0 = -k - 2*w - 8. Suppose 5*a + 300 = 5*z - k*a, 2*z = -2*a + 116. List the prime factors of z.
59
Let s(p) = -p + 6. Let m be s(9). What are the prime factors of (m - 135/(-35))*70?
2, 3, 5
Let k(n) = -n + 28. Let r be k(-9). Let x = 5 + r. List the prime factors of x.
2, 3, 7
Let k = -271 - -300. List the prime factors of k.
29
Let h(u) = -2*u**3 - 10*u**2 - 18*u + 28. What are the prime factors of h(-10)?
2, 151
Let f = -107 + 197. Suppose -2*w - 2*u + 144 = -u, -w = 5*u - f. List the prime factors of w.
2, 5, 7
Let i = 8 + 3. List the prime factors of i.
11
Let q = 1619 - 777. List the prime factors of q.
2, 421
Let d = 246 + -208. Suppose -3*x + 2*i = -6*x + 34, -x + 2*i = 2. Let q = d + x. What are the prime factors of q?
2, 23
Let x(v) = 16*v**2 + 20*v - 5. List the prime factors of x(-8).
859
Let n(s) = -s**3 + 6*s**2 - 4*s - 3. Let v be n(5). Suppose -v*a + 516 = -4*d, -6*a + 3*d = -4*a - 519. List the prime factors of a.
2, 3, 11
Let w be -3 + (4 - -27*1). Suppose -z - 5*u + w = 1, 4*z - 3 = u. What are the prime factors of (19 + z)*(-4)/(-6)?
2, 7
Suppose -47*s - 5964 = -54*s. What are the prime factors of s?
2, 3, 71
Let s = -754 + 1220. List the prime factors of s.
2, 233
Suppose 0 = -4*i - 20, 4*j + i - 1623 = -4*i. Suppose -3*r + u + 343 + 63 = 0, -3*r - 2*u = -j. What are the prime factors of r?
2, 17
Let k be (-3)/(33/(-2)) - (-10304)/77. Suppose k = u - 130. List the prime factors of u.
2, 3, 11
Suppose -45*s + 43*s + 4 = 0. Suppose i - s*i + 208 = 0. List the prime factors of i.
2, 13
Suppose -912 + 108 = -4*m. What are the prime factors of m?
3, 67
What are the prime factors of 21172/6 - 24/468*13?
2, 3, 7
Let a be -4*(2 + 3/(-6)). Let d = a + -3. Let m = 14 + d. List the prime factors of m.
5
Let b(g) be the third derivative of 0 - 1/15*g**5 + 0*g + 2*g**2 + 1/24*g**4 + 1/120*g**6 + 1/6*g**3. What are the prime factors of b(5)?
31
Let x(j) = -j**2 + 25*j - 22. Let f be x(19). Suppose 88 + f = 2*u. What are the prime factors of u?
2, 3, 5
Suppose 20 - 3001 = -11*j. Let s = -173 + j. What are the prime factors of s?
2, 7
Suppose 3726 - 11923 = -4*x + p, 3*x = -3*p + 6144. What are the prime factors of x?
3, 683
Let k(a) be the first derivative of a**4/4 + 5*a**3/3 + 3*a**2/2 + 3*a + 1. Let n be 3/2*(-72)/27. What are the prime factors of k(n)?
7
Let i be (2 + 2)*(-6)/(-4). Suppose x + 225 = i*x. List the prime factors of x.
3, 5
Suppose 0 = -25*o + 20*o + 5140. What are the prime factors of o?
2, 257
Let a(n) = -3*n**2 - 178*n - 38. List the prime factors of a(-21).
2377
Let a be 20/(-25)*10/(-4). Suppose 2*z + 40 = -a*z. List the prime factors of z/55 + 158/22.
7
Let w(g) = 2*g**3 - 134*g**2 - 220*g - 62. What are the prime factors of w(69)?
2, 1901
Suppose 5*m + 6 - 16 = 0. Suppose -3*t + 454 = 5*q, 4*t - 105 = m*q - 297. List the prime factors of q.
2, 23
Let j be 26/(-117) - 56/(-9). Let b(a) = -2*a**2 + 13 - 3*a**2 + 12*a + 2*a**2 + 2*a**2. List the prime factors of b(j).
7
Suppose -5*j - 3820 + 17005 = 0. What are the prime factors of j?
3, 293
Let a = 24 - 24. Suppose 0 = -a*d - 2*d + 76. What are the prime factors of d?
2, 19
Suppose -11*o + 18538 = 15*o. List the prime factors of o.
23, 31
Let r(x) = 71*x. Let f be r(1). Let y = -347 + 306. Let g = y + f. What are the prime factors of g?
2, 3, 5
List the prime factors of 6/21 - (-4131)/21.
197
Suppose 0 = -9*a + 5*a + 36. Suppose -12*g + 6 = -a*g. List the prime factors of 0/g + -3 + 6.
3
Suppose 0 = -v + 3*r + 306 + 297, -2*r = v - 593. List the prime factors of v.
3, 199
What are the prime factors of 9509/(-185)*(-119 - -4)?
23, 257
List the prime factors of 6849/18 + (-9)/6.
379
Let j(b) = 42*b - 61. List the prime factors of j(6).
191
Let d(z) be the second derivative of z**4/3 - 3*z**3/2 - 4*z**2 - 30*z. List the prime factors of d(8).
2, 11
Suppose -2*b + s = 3 + 6, -4*b = 3*s + 3. What are the prime factors of (-1)/(b/213) - -2?
73
Let x(b) = b - 3. Let i be x(11). Suppose 4 = -i*v + 10*v. What are the prime factors of v?
2
What are the prime factors of (-135)/72 - (-1)/(-8) - -1144?
2, 571
Let b = -103 - -43. List the prime factors of b/((9/(-2))/3).
2, 5
Let i be (0*2/(-2))/(-1). Suppose 0 = 2*x + 3*s + 7, i = 4*x - 3*s + 42 - 1. List the prime factors of (-2)/(26/x - -3).
2
Let c = 30 + -32. List the prime factors of (970/(-20))/(1/c).
97
Let d = -547 + 1805. List the prime factors of d.
2, 17, 37
Suppose -4*w - 21 = -5*w. Suppose 3*h - 5*h = q - 10, -3*q = 3*h - w. Suppose 52 = q*f - 2*f. List the prime factors of f.
2, 13
List the prime factors of 28907/15 - (9 + 1064/(-120)).
41, 47
Let r = 12 + -3. Suppose -645 = -r*i + 183. List the prime factors of i.
2, 23
Let g be (-2)/(-5) - 1416/(-60). Suppose -3*d = 12, 3*b + d - g = -7. List the prime factors of b + 8/(-12)*-6.
11
Let k = 51 + -86. Let j = k + 18. What are the prime factors of -3 - j*6/2?
2, 3
Let o(g) = -2*g**3. Let n(l) = 4*l**3 + 2*l**2 - l. Let z(j) = -n(j) - 4*o(j). Let d(h) = h + 7. Let r be d(-6). What are the prime factors of z(r)?
3
Let z be (-51)/(-6) + (-3)/(-6). Suppose -8*f = -z*f + 8. Let t = 9 + f. List the prime factors of t.
17
Suppose -7*v - 48 = v. What are the prime factors of 669/5 - v/30?
2, 67
Let y(w) = -w**2 + 5*w + 2. Let u be y(4). Suppose 4*f + u = 22. List the prime factors of 4/2 + f*5.
2, 11
Suppose -233 = 4*c + 119. Let p = c + 129. List the prime factors of p.
41
Let p be -3*(16/40)/(2/5). List the prime factors of p/(604/(-1704) + (-2)/(-6)).
2, 71
Let m = -25 - -27. Suppose -97 = -b + m. Let n = b - 31. List the prime factors of n.
2, 17
Let d = -88 - -93. Suppose -s - 4*m = -156, 0 = s - d*m - 152 - 31. What ar